ppose -75*l + 190 = -56*l. Calculate the highest common factor of l and 6.
2
Suppose 0 = n + 3*u - 67 - 175, 0 = -4*n + 2*u + 982. Calculate the greatest common divisor of n and 7.
7
Let g be (-2 - 1)/(-3) + -4 + 5. Suppose k = -o - k + 10, -g*o = k - 8. What is the highest common divisor of o and 8?
2
Let j be -1 - (-14 + 3)/1. Let k be (-12)/5*j/(-4). Suppose -f + 0*f = 2, t + 4*f + 2 = 0. Calculate the highest common divisor of k and t.
6
Let s = 16 - 12. Let i be 88/5 + s/10. Let o be (-1)/(-2) + (-17)/(-2). What is the highest common divisor of o and i?
9
Let v = 14 + 17. Let o = -17 + v. Calculate the highest common divisor of o and 28.
14
Let l(w) = -2*w**2 + 33*w - 31. Let q be l(15). What is the greatest common divisor of 10 and q?
2
Let g(o) = o**2 - 9*o + 110. Let d be g(17). What is the highest common divisor of 164 and d?
82
Suppose 2*j + 7 - 28 = -5*m, -m = 5*j - 64. Let c(f) = -2*f + 5. Let l = 11 + -15. Let g be c(l). What is the greatest common divisor of j and g?
13
Suppose 51*v = 49*v - 4*j + 38, -5*v + 95 = 3*j. What is the highest common factor of v and 95?
19
Suppose 4*s + 860 = 4*d + 8*s, 0 = -4*d - s + 860. Calculate the highest common divisor of d and 20.
5
Suppose h = -h - 2. Let d be 4 + h + (-60)/(-2). Suppose -8*p - 110 = -5*r - 4*p, 2*p - 110 = -5*r. What is the highest common factor of r and d?
11
Let r be (-38)/(-14) + (-2)/(-7). Let z be (1/(-2))/(r/(-156)). Suppose 2*b = z - 14. What is the greatest common divisor of b and 66?
6
Let f be 36/(-10)*(-26 + 11). Calculate the greatest common divisor of f and 198.
18
Let t = 41 + -23. Suppose 0 = 2*i + 4*y - 62, 5*y + 17 = -3*i + 4*i. Calculate the greatest common divisor of t and i.
9
Let x(z) = -1 + 6 + 6 - z**2 + 0 - 7*z. Let w be x(-8). Suppose 0 = 3*l + 9, 0*t = -t + w*l + 18. What is the greatest common factor of 63 and t?
9
Suppose -617 - 181 = -14*d. Let p be (-10 - -29)/((-2)/(-8)). Calculate the highest common divisor of p and d.
19
Let j = 24 + -11. Suppose -j = r - 94. Let g = r + -41. Calculate the greatest common factor of 8 and g.
8
Let p = 311 + -251. What is the greatest common divisor of 30 and p?
30
Suppose -2*n - 65 = 3*n - 4*x, 37 = -3*n + 2*x. Let z = n + 43. Calculate the greatest common divisor of 51 and z.
17
Let t be 0/(2 + -1)*8/(-16). Suppose -4*q + q + 297 = t. Calculate the greatest common factor of 33 and q.
33
Suppose 3*h - 6*h + 15 = 0. Let a(o) be the third derivative of o**4/12 + 2*o**3/3 - 2*o**2. Let f be a(3). Calculate the highest common divisor of f and h.
5
Let i = 357 - 207. Calculate the greatest common factor of i and 6.
6
Let n(g) = -g**3 - 18*g**2 + 3*g + 34. Let j be n(-18). Let r be (-4)/(-10) + (-392)/j. Let p = -2 - -6. What is the highest common factor of r and p?
4
Let x(s) be the second derivative of -s**3/6 + 9*s**2 + 11*s. Let k be x(4). Calculate the highest common divisor of k and 2.
2
Let b = 7 + -7. Suppose -5*h + 10 = -b. Suppose 21 = v + h*z + z, 2*v + z = 27. Calculate the highest common factor of 4 and v.
4
Let p(w) = -w + 27. Let q be p(0). Let n = 14 - -67. Calculate the greatest common divisor of n and q.
27
Let u = -617 - -916. What is the highest common divisor of u and 13?
13
Suppose -19*i - 66 = -22*i. Let c be (-2)/(-4) + 195/6. What is the greatest common divisor of c and i?
11
Let a = -254 - -266. What is the greatest common divisor of 102 and a?
6
Let h be -4*(8 - (282/24 + -1)). What is the highest common factor of h and 1694?
11
Let c(a) = a**3 - 5*a**2 - 5*a + 2. Let s be c(6). Let b(k) = -k**3 + 11*k**2 - k - 8. Let o be b(s). Calculate the highest common divisor of 22 and o.
22
Let d = -37 - -61. Let y = -139 + 155. What is the highest common factor of d and y?
8
Let w(v) = v**2 + 23*v + 189. Let n be w(-11). Calculate the greatest common factor of n and 95.
19
Suppose 0 = -2*v - 5*a + 27, -v - 16 = -5*a + 8. Suppose h - v = 2*h. Let z be (3 + -2)/h - -6. What is the highest common divisor of 1 and z?
1
Let p(q) = -5*q + 7. Let c be p(-13). Suppose -2*k - c = -10*k. What is the highest common factor of k and 99?
9
Suppose -34*w = -8945 + 1907. Suppose -33 = -3*i + 2*o - 6, -2*i + 5*o = -18. Calculate the highest common divisor of i and w.
9
Let p = -53 + 44. Let j(t) = -3*t - 22. Let m be j(p). What is the highest common factor of 10 and m?
5
Suppose -3*x = -5*x + 10. Suppose 3*w - z + 0*z + 7 = 0, -x*w + 5*z = 15. Let k be ((-18)/(-54))/(w/(-24)). Calculate the highest common factor of k and 4.
4
Suppose 954 = 6*u - 504. Calculate the greatest common divisor of u and 18.
9
Let o = 2 - -15. Suppose -2*w + 5*q + o = 0, 0*q + 5*q = w - 11. What is the highest common factor of w and 12?
6
Let g = 1570 - 1554. Let h be -1 + 2 + 7 + 0. What is the greatest common factor of g and h?
8
Suppose 2*j = 7*j - 25. Suppose -z = j*x + 3 + 8, -4*z + 31 = -5*x. Let w be 26/z*(2 - 0). What is the greatest common factor of 39 and w?
13
Let w = -18 + 38. Suppose 0 = 2*y + 3*y - 900. Suppose 5*b - 20 = y. Calculate the greatest common divisor of b and w.
20
Suppose -13 + 33 = 5*c. Let v be ((-8)/(-5))/((-1)/(-15)). Let t be 39/c + 6/v. Calculate the greatest common factor of 10 and t.
10
Let d be (-6)/(-8) - (-2)/8. Let l(m) = -4*m + 13. Let r be l(7). Let j(f) = -f**2 - 15*f + 1. Let w be j(r). What is the highest common factor of d and w?
1
Let k = 67 + -64. Calculate the highest common factor of k and 87.
3
Let h be -5 + 2 - -4 - 3. Let m be -1*(1 - (34 + h)). Let a = -13 + m. Calculate the greatest common factor of a and 6.
6
Let b be 2*4*(-3)/(-6). Suppose 0 = j - b - 3. What is the greatest common divisor of 21 and j?
7
Let l be 208/3 - (-3 - (-40)/12). Let n(w) = -w**3 + 2*w**2 - w - 2. Let i be n(-3). What is the highest common factor of l and i?
23
Let m = -463 + 479. Let j be (-2)/(-1)*(-40)/(-1). What is the highest common factor of j and m?
16
Suppose 45*o = 233 + 37. What is the greatest common factor of o and 76?
2
Let b(n) = -n**3 - 41*n**2 - 41*n - 11. Let c be b(-40). What is the greatest common factor of c and 116?
29
Suppose -31*l + 2*t - 124 = -33*l, -3*l + 4*t + 214 = 0. Suppose -o = -18 - 15. Calculate the highest common divisor of l and o.
33
Let w(h) = h**2 + 22*h + 3. Let b be w(-10). Let j = -75 - b. Suppose -3*v = -3*o + 63, 3*o = -5*v + 2*v + 63. What is the greatest common divisor of j and o?
21
Let c be (10/6)/(5/6). Suppose -c*h + 4*p + 61 = h, 4*p + 16 = 0. Calculate the greatest common factor of h and 30.
15
Let b = -778 - -1226. Suppose 39*n - 43*n = -b. Suppose 0*p + c + 66 = 5*p, 2*p = -3*c + 40. Calculate the greatest common factor of p and n.
14
Suppose r = 6*r - 30. Let p = -12 + r. Let g be (p/12)/((-2)/64). What is the greatest common divisor of 4 and g?
4
Suppose 2*q - 30 = -5*b, -2*b - 2*b = 3*q - 31. Let r(h) = 5*h**2 - 3*h - 2. Let o be r(b). Calculate the greatest common divisor of o and 33.
33
Let v = 30 + -16. Let u be 11 - v - -1*2. Let l(c) = -32*c**3 + c**2. Let o be l(u). What is the greatest common factor of o and 11?
11
Let j(t) = -t**2 + 5*t - 2. Let g be j(4). Suppose -4*c + 12 = -0*c. Let l = g + c. Calculate the greatest common divisor of l and 5.
5
Let u(q) = 12*q - 105. Let y be u(11). Calculate the greatest common divisor of y and 1431.
27
Suppose -24*n + 1539 - 147 = 0. What is the highest common divisor of 29 and n?
29
Suppose 0 = 4*j - 4*i - 1136, -4*j = -6*j + 4*i + 568. Calculate the highest common factor of 639 and j.
71
Let p be (-1)/(207/105 + -2). Let t = -209 + 216. What is the greatest common factor of p and t?
7
Suppose -1812*f + 1790*f = -2464. Calculate the greatest common divisor of f and 490.
14
Let z(d) = d**2 - 5*d - 6. Let m be z(6). Suppose m = -5*l + 6 - 1. Let a be (55/10)/(l/10). What is the greatest common divisor of a and 11?
11
Let h be 2/4 + 4500/8. Suppose -h - 262 = -5*l. Let i = 38 + -23. Calculate the greatest common divisor of l and i.
15
Suppose 2*f - 4*y = 3*f - 114, y = -5*f + 494. Suppose -47*d = -39*d - 112. Calculate the highest common factor of d and f.
14
Let b(g) = 4*g**2 + 27*g + 25. Let w be b(-7). Calculate the highest common factor of 2 and w.
2
Let d(k) = k**3 + 37*k**2 - 57*k - 36. Let h be d(-38). Calculate the greatest common factor of h and 14.
14
Let q(l) = l**3 - 10*l**2 + 11*l - 5. Let w be